{"id":45,"date":"2025-04-20T16:05:45","date_gmt":"2025-04-20T19:05:45","guid":{"rendered":"https:\/\/www.clinicavivianereis.com.br\/?page_id=45"},"modified":"2025-04-22T13:59:38","modified_gmt":"2025-04-22T16:59:38","slug":"sobre-nos","status":"publish","type":"page","link":"https:\/\/www.clinicavivianereis.com.br\/index.php\/sobre-nos\/","title":{"rendered":"Sobre N\u00f3s"},"content":{"rendered":"<p>[et_pb_section fb_built=&#8221;1&#8243; _builder_version=&#8221;4.27.4&#8243; _module_preset=&#8221;default&#8221; custom_padding=&#8221;4px|||||&#8221; global_colors_info=&#8221;{}&#8221; theme_builder_area=&#8221;post_content&#8221;][et_pb_row column_structure=&#8221;1_3,2_3&#8243; _builder_version=&#8221;4.27.4&#8243; _module_preset=&#8221;default&#8221; global_colors_info=&#8221;{}&#8221; theme_builder_area=&#8221;post_content&#8221;][et_pb_column type=&#8221;1_3&#8243; _builder_version=&#8221;4.27.4&#8243; _module_preset=&#8221;default&#8221; global_colors_info=&#8221;{}&#8221; theme_builder_area=&#8221;post_content&#8221;][et_pb_text _builder_version=&#8221;4.27.4&#8243; _module_preset=&#8221;default&#8221; hover_enabled=&#8221;0&#8243; global_colors_info=&#8221;{}&#8221; theme_builder_area=&#8221;post_content&#8221; sticky_enabled=&#8221;0&#8243;]<\/p>\n<p>Clinica Odontol\u00f3gica Dr\u00aa Viviane Reis atua h\u00e1 mais de 28 anos no mercado de Cama\u00e7ari com a presta\u00e7\u00e3o de servi\u00e7os odontol\u00f3gicos. Construiu, ao longo destes anos, um trabalho s\u00f3lido com \u00e9tica, seriedade e compet\u00eancia, valores estes atestados pela confian\u00e7a dos seus clientes.<\/p>\n<p>A qualidade dos seus servi\u00e7os \u00e9 comprovada desde a capacita\u00e7\u00e3o t\u00e9cnica das suas equipes de dentistas, t\u00e9cnicos de sa\u00fade bucal, auxiliares de sa\u00fade bucal e administrativa, at\u00e9 a padroniza\u00e7\u00e3o das suas instala\u00e7\u00f5es e informatiza\u00e7\u00e3o dos seus processos.<\/p>\n<p>Os s\u00f3cios sempre tiveram como miss\u00e3o o atendimento de qualidade e satisfa\u00e7\u00e3o dos seus clientes com um atendimento humanizado e amig\u00e1vel nas rela\u00e7\u00f5es entre paciente e profissionais.<\/p>\n<p>[\/et_pb_text][et_pb_blurb title=&#8221;Equipe&#8221; icon_placement=&#8221;left&#8221; image_icon_width=&#8221;50px&#8221; _builder_version=&#8221;4.27.4&#8243; _module_preset=&#8221;default&#8221; header_font=&#8221;|700|||||||&#8221; header_text_color=&#8221;#611a12&#8243; header_font_size=&#8221;30px&#8221; header_line_height=&#8221;1.6em&#8221; background_color=&#8221;#e8e8e8&#8243; custom_padding=&#8221;15px|20px|15px|20px|true|true&#8221; hover_enabled=&#8221;0&#8243; global_colors_info=&#8221;{}&#8221; theme_builder_area=&#8221;post_content&#8221; sticky_enabled=&#8221;0&#8243;]<\/p>\n<p>Conta com profissionais em diversas \u00e1reas da odontologia. Profissionais que buscam atrav\u00e9s da \u00e9tica e profissionalismo atender os pacientes de forma humanizada.<\/p>\n<p>[\/et_pb_blurb][\/et_pb_column][et_pb_column type=&#8221;2_3&#8243; _builder_version=&#8221;4.27.4&#8243; _module_preset=&#8221;default&#8221; global_colors_info=&#8221;{}&#8221; theme_builder_area=&#8221;post_content&#8221;][dsm_image_carousel gallery_ids=&#8221;145,146,147,148,149,150,151,152,153,154&#8243; slide_to_show=&#8221;1&#8243; arrow_position=&#8221;inside&#8221; dots=&#8221;off&#8221; arrow_color=&#8221;#FFFFFF&#8221; arrow_background_color=&#8221;#611a12&#8243; _builder_version=&#8221;4.27.4&#8243; _module_preset=&#8221;default&#8221; border_color_all=&#8221;#E09900&#8243; border_width_right=&#8221;4px&#8221; border_width_left=&#8221;4px&#8221; global_colors_info=&#8221;{}&#8221; theme_builder_area=&#8221;post_content&#8221;][\/dsm_image_carousel][\/et_pb_column][\/et_pb_row][\/et_pb_section]<\/p>\n","protected":false},"excerpt":{"rendered":"<p>Clinica Odontol\u00f3gica Dr\u00aa Viviane Reis atua h\u00e1 mais de 28 anos no mercado de Cama\u00e7ari com a presta\u00e7\u00e3o de servi\u00e7os odontol\u00f3gicos. Construiu, ao longo destes anos, um trabalho s\u00f3lido com \u00e9tica, seriedade e compet\u00eancia, valores estes atestados pela confian\u00e7a dos seus clientes. A qualidade dos seus servi\u00e7os \u00e9 comprovada desde a capacita\u00e7\u00e3o t\u00e9cnica das suas equipes de dentistas, t\u00e9cnicos de sa\u00fade bucal, auxiliares de sa\u00fade bucal e administrativa, at\u00e9 a padroniza\u00e7\u00e3o das suas instala\u00e7\u00f5es e informatiza\u00e7\u00e3o dos seus processos. Os s\u00f3cios sempre tiveram como miss\u00e3o o atendimento de qualidade e satisfa\u00e7\u00e3o dos seus clientes com um atendimento humanizado e amig\u00e1vel nas rela\u00e7\u00f5es entre paciente e profissionais.Conta com profissionais em diversas \u00e1reas da odontologia. Profissionais que buscam atrav\u00e9s da \u00e9tica e profissionalismo atender os pacientes de forma humanizada.<div class=\"et_pb_with_border et_pb_module dsm_image_carousel dsm_image_carousel_0 dsm_image_carousel_arrow_inside dsm_image_carousel_arrow_mobile_inside \">\n\t\t\t\t\n\t\t\t\t\n\t\t\t\t\n\t\t\t\t\n\t\t\t\t\n\t\t\t\t\n\t\t\t\t<div class=\"et_pb_module_inner\">\n\t\t\t\t\t<div class=\"swiper-container dsm_image_carousel_container  dsm_image_carousel_carousel\" dir=\"ltr\"data-effect=\"default\"\n\t\t\tdata-slider-effect-shadows=\"false\"\n\t\t\tdata-slider-effect-coverflow-rotate=\"30\"\n\t\t\tdata-slider-effect-coverflow-depth=\"0\"\n\t\t\tdata-loop=\"true\"\n\t\t\tdata-slide-to-show=\"1\"\n\t\t\tdata-slide-to-show-tablet=\"1\"\n\t\t\tdata-slide-to-show-phone=\"1\"\n\t\t\tdata-slide-to-scroll=\"1\"\n\t\t\tdata-slide-to-scroll-tablet=\"1\"\n\t\t\tdata-slide-to-scroll-phone=\"1\"\n\t\t\tdata-space-between=\"15\"\n\t\t\tdata-space-between-tablet=\"15\"\n\t\t\tdata-space-between-phone=\"15\"\n\t\t\tdata-slide-row=\"1\"\n\t\t\tdata-centered-slides=\"false\"\n\t\t\tdata-speed=\"300\"\n\t\t\tdata-autoplay=\"true\"\n\t\t\tdata-autoplay-speed=\"3000\"\n\t\t\tdata-touch-move=\"true\"\n\t\t\tdata-grab=\"true\"\n\t\t\tdata-pause-on-hover=\"false\"\n\t\t\tdata-show-lightbox=\"false\"\n\t\t\tdata-lightbox-gallery=\"false\"\n\t\t\tdata-lightbox-caption=\"false\"\n\t\t\tdata-infinite-scrolling=\"false\"\n\t\t\tdata-slide-row-tablet=\"1\"\n\t\t\tdata-slide-row-phone=\"1\"\n\t\t\tdata-autoplay-viewport=80%\n\t\t\tdata-mousewheel=\"false\"\n\t\t\tdata-lazyload=\"false\"\n\t\t\tdata-type=\"carousel\"\n\t\t\tdata-slideshow-effect=\"default\"\n\t\t\tdata-slideshow-to-show=\"4\"\n\t\t\tdata-slideshow-to-show-tablet=\"4\"\n\t\t\tdata-slideshow-to-show-phone=\"\"\n\t\t\tdata-slider-orientation=\"horizontal\"\n\t\t\t\t\t\tdata-lightbox-title=\"false\"\n\n\t\t\t><div class=\"swiper-wrapper\"><div class=\"swiper-slide dsm_image_carousel_item\"><img loading=\"lazy\" decoding=\"async\" src=\"https:\/\/www.clinicavivianereis.com.br\/wp-content\/uploads\/2025\/04\/dra-viviane-reis-clinica-odontologica-camacari-00001.jpg\" alt=\"\" title=\"dra-viviane-reis-clinica-odontologica-camacari-00001\" width=\"1200\" height=\"900\" data-dsm-image-description=\"\" srcset=\"https:\/\/www.clinicavivianereis.com.br\/wp-content\/uploads\/2025\/04\/dra-viviane-reis-clinica-odontologica-camacari-00001.jpg 1200w, https:\/\/www.clinicavivianereis.com.br\/wp-content\/uploads\/2025\/04\/dra-viviane-reis-clinica-odontologica-camacari-00001-980x735.jpg 980w, https:\/\/www.clinicavivianereis.com.br\/wp-content\/uploads\/2025\/04\/dra-viviane-reis-clinica-odontologica-camacari-00001-480x360.jpg 480w\" sizes=\"(min-width: 0px) and (max-width: 480px) 480px, (min-width: 481px) and (max-width: 980px) 980px, (min-width: 981px) 1200px, 100vw\" class=\" skip-lazy\" \/><\/div><div class=\"swiper-slide dsm_image_carousel_item\"><img loading=\"lazy\" decoding=\"async\" src=\"https:\/\/www.clinicavivianereis.com.br\/wp-content\/uploads\/2025\/04\/dra-viviane-reis-clinica-odontologica-camacari-00002.jpg\" alt=\"\" title=\"dra-viviane-reis-clinica-odontologica-camacari-00002\" width=\"1200\" height=\"900\" data-dsm-image-description=\"\" srcset=\"https:\/\/www.clinicavivianereis.com.br\/wp-content\/uploads\/2025\/04\/dra-viviane-reis-clinica-odontologica-camacari-00002.jpg 1200w, https:\/\/www.clinicavivianereis.com.br\/wp-content\/uploads\/2025\/04\/dra-viviane-reis-clinica-odontologica-camacari-00002-980x735.jpg 980w, https:\/\/www.clinicavivianereis.com.br\/wp-content\/uploads\/2025\/04\/dra-viviane-reis-clinica-odontologica-camacari-00002-480x360.jpg 480w\" sizes=\"(min-width: 0px) and (max-width: 480px) 480px, (min-width: 481px) and (max-width: 980px) 980px, (min-width: 981px) 1200px, 100vw\" class=\" skip-lazy\" \/><\/div><div class=\"swiper-slide dsm_image_carousel_item\"><img loading=\"lazy\" decoding=\"async\" src=\"https:\/\/www.clinicavivianereis.com.br\/wp-content\/uploads\/2025\/04\/dra-viviane-reis-clinica-odontologica-camacari-00003.jpg\" alt=\"\" title=\"dra-viviane-reis-clinica-odontologica-camacari-00003\" width=\"1200\" height=\"900\" data-dsm-image-description=\"\" srcset=\"https:\/\/www.clinicavivianereis.com.br\/wp-content\/uploads\/2025\/04\/dra-viviane-reis-clinica-odontologica-camacari-00003.jpg 1200w, https:\/\/www.clinicavivianereis.com.br\/wp-content\/uploads\/2025\/04\/dra-viviane-reis-clinica-odontologica-camacari-00003-980x735.jpg 980w, https:\/\/www.clinicavivianereis.com.br\/wp-content\/uploads\/2025\/04\/dra-viviane-reis-clinica-odontologica-camacari-00003-480x360.jpg 480w\" sizes=\"(min-width: 0px) and (max-width: 480px) 480px, (min-width: 481px) and (max-width: 980px) 980px, (min-width: 981px) 1200px, 100vw\" class=\" skip-lazy\" \/><\/div><div class=\"swiper-slide dsm_image_carousel_item\"><img loading=\"lazy\" decoding=\"async\" src=\"https:\/\/www.clinicavivianereis.com.br\/wp-content\/uploads\/2025\/04\/dra-viviane-reis-clinica-odontologica-camacari-00004.jpg\" alt=\"\" title=\"dra-viviane-reis-clinica-odontologica-camacari-00004\" width=\"1200\" height=\"900\" data-dsm-image-description=\"\" srcset=\"https:\/\/www.clinicavivianereis.com.br\/wp-content\/uploads\/2025\/04\/dra-viviane-reis-clinica-odontologica-camacari-00004.jpg 1200w, https:\/\/www.clinicavivianereis.com.br\/wp-content\/uploads\/2025\/04\/dra-viviane-reis-clinica-odontologica-camacari-00004-980x735.jpg 980w, https:\/\/www.clinicavivianereis.com.br\/wp-content\/uploads\/2025\/04\/dra-viviane-reis-clinica-odontologica-camacari-00004-480x360.jpg 480w\" sizes=\"(min-width: 0px) and (max-width: 480px) 480px, (min-width: 481px) and (max-width: 980px) 980px, (min-width: 981px) 1200px, 100vw\" class=\" skip-lazy\" \/><\/div><div class=\"swiper-slide dsm_image_carousel_item\"><img loading=\"lazy\" decoding=\"async\" src=\"https:\/\/www.clinicavivianereis.com.br\/wp-content\/uploads\/2025\/04\/dra-viviane-reis-clinica-odontologica-camacari-00005.jpg\" alt=\"\" title=\"dra-viviane-reis-clinica-odontologica-camacari-00005\" width=\"1200\" height=\"900\" data-dsm-image-description=\"\" srcset=\"https:\/\/www.clinicavivianereis.com.br\/wp-content\/uploads\/2025\/04\/dra-viviane-reis-clinica-odontologica-camacari-00005.jpg 1200w, https:\/\/www.clinicavivianereis.com.br\/wp-content\/uploads\/2025\/04\/dra-viviane-reis-clinica-odontologica-camacari-00005-980x735.jpg 980w, https:\/\/www.clinicavivianereis.com.br\/wp-content\/uploads\/2025\/04\/dra-viviane-reis-clinica-odontologica-camacari-00005-480x360.jpg 480w\" sizes=\"(min-width: 0px) and (max-width: 480px) 480px, (min-width: 481px) and (max-width: 980px) 980px, (min-width: 981px) 1200px, 100vw\" class=\" skip-lazy\" \/><\/div><div class=\"swiper-slide dsm_image_carousel_item\"><img loading=\"lazy\" decoding=\"async\" src=\"https:\/\/www.clinicavivianereis.com.br\/wp-content\/uploads\/2025\/04\/dra-viviane-reis-clinica-odontologica-camacari-00006.jpg\" alt=\"\" title=\"dra-viviane-reis-clinica-odontologica-camacari-00006\" width=\"1200\" height=\"900\" data-dsm-image-description=\"\" srcset=\"https:\/\/www.clinicavivianereis.com.br\/wp-content\/uploads\/2025\/04\/dra-viviane-reis-clinica-odontologica-camacari-00006.jpg 1200w, https:\/\/www.clinicavivianereis.com.br\/wp-content\/uploads\/2025\/04\/dra-viviane-reis-clinica-odontologica-camacari-00006-980x735.jpg 980w, https:\/\/www.clinicavivianereis.com.br\/wp-content\/uploads\/2025\/04\/dra-viviane-reis-clinica-odontologica-camacari-00006-480x360.jpg 480w\" sizes=\"(min-width: 0px) and (max-width: 480px) 480px, (min-width: 481px) and (max-width: 980px) 980px, (min-width: 981px) 1200px, 100vw\" class=\" skip-lazy\" \/><\/div><div class=\"swiper-slide dsm_image_carousel_item\"><img loading=\"lazy\" decoding=\"async\" src=\"https:\/\/www.clinicavivianereis.com.br\/wp-content\/uploads\/2025\/04\/dra-viviane-reis-clinica-odontologica-camacari-00007.jpg\" alt=\"\" title=\"dra-viviane-reis-clinica-odontologica-camacari-00007\" width=\"1200\" height=\"900\" data-dsm-image-description=\"\" srcset=\"https:\/\/www.clinicavivianereis.com.br\/wp-content\/uploads\/2025\/04\/dra-viviane-reis-clinica-odontologica-camacari-00007.jpg 1200w, https:\/\/www.clinicavivianereis.com.br\/wp-content\/uploads\/2025\/04\/dra-viviane-reis-clinica-odontologica-camacari-00007-980x735.jpg 980w, https:\/\/www.clinicavivianereis.com.br\/wp-content\/uploads\/2025\/04\/dra-viviane-reis-clinica-odontologica-camacari-00007-480x360.jpg 480w\" sizes=\"(min-width: 0px) and (max-width: 480px) 480px, (min-width: 481px) and (max-width: 980px) 980px, (min-width: 981px) 1200px, 100vw\" class=\" skip-lazy\" \/><\/div><div class=\"swiper-slide dsm_image_carousel_item\"><img loading=\"lazy\" decoding=\"async\" src=\"https:\/\/www.clinicavivianereis.com.br\/wp-content\/uploads\/2025\/04\/dra-viviane-reis-clinica-odontologica-camacari-00008.jpg\" alt=\"\" title=\"dra-viviane-reis-clinica-odontologica-camacari-00008\" width=\"1200\" height=\"900\" data-dsm-image-description=\"\" srcset=\"https:\/\/www.clinicavivianereis.com.br\/wp-content\/uploads\/2025\/04\/dra-viviane-reis-clinica-odontologica-camacari-00008.jpg 1200w, https:\/\/www.clinicavivianereis.com.br\/wp-content\/uploads\/2025\/04\/dra-viviane-reis-clinica-odontologica-camacari-00008-980x735.jpg 980w, https:\/\/www.clinicavivianereis.com.br\/wp-content\/uploads\/2025\/04\/dra-viviane-reis-clinica-odontologica-camacari-00008-480x360.jpg 480w\" sizes=\"(min-width: 0px) and (max-width: 480px) 480px, (min-width: 481px) and (max-width: 980px) 980px, (min-width: 981px) 1200px, 100vw\" class=\" skip-lazy\" \/><\/div><div class=\"swiper-slide dsm_image_carousel_item\"><img loading=\"lazy\" decoding=\"async\" src=\"https:\/\/www.clinicavivianereis.com.br\/wp-content\/uploads\/2025\/04\/dra-viviane-reis-clinica-odontologica-camacari-00009.jpg\" alt=\"\" title=\"dra-viviane-reis-clinica-odontologica-camacari-00009\" width=\"1200\" height=\"900\" data-dsm-image-description=\"\" srcset=\"https:\/\/www.clinicavivianereis.com.br\/wp-content\/uploads\/2025\/04\/dra-viviane-reis-clinica-odontologica-camacari-00009.jpg 1200w, https:\/\/www.clinicavivianereis.com.br\/wp-content\/uploads\/2025\/04\/dra-viviane-reis-clinica-odontologica-camacari-00009-980x735.jpg 980w, https:\/\/www.clinicavivianereis.com.br\/wp-content\/uploads\/2025\/04\/dra-viviane-reis-clinica-odontologica-camacari-00009-480x360.jpg 480w\" sizes=\"(min-width: 0px) and (max-width: 480px) 480px, (min-width: 481px) and (max-width: 980px) 980px, (min-width: 981px) 1200px, 100vw\" class=\" skip-lazy\" \/><\/div><div class=\"swiper-slide dsm_image_carousel_item\"><img loading=\"lazy\" decoding=\"async\" src=\"https:\/\/www.clinicavivianereis.com.br\/wp-content\/uploads\/2025\/04\/dra-viviane-reis-clinica-odontologica-camacari-00010.jpg\" alt=\"\" title=\"dra-viviane-reis-clinica-odontologica-camacari-00010\" width=\"1200\" height=\"900\" data-dsm-image-description=\"\" srcset=\"https:\/\/www.clinicavivianereis.com.br\/wp-content\/uploads\/2025\/04\/dra-viviane-reis-clinica-odontologica-camacari-00010.jpg 1200w, https:\/\/www.clinicavivianereis.com.br\/wp-content\/uploads\/2025\/04\/dra-viviane-reis-clinica-odontologica-camacari-00010-980x735.jpg 980w, https:\/\/www.clinicavivianereis.com.br\/wp-content\/uploads\/2025\/04\/dra-viviane-reis-clinica-odontologica-camacari-00010-480x360.jpg 480w\" sizes=\"(min-width: 0px) and (max-width: 480px) 480px, (min-width: 481px) and (max-width: 980px) 980px, (min-width: 981px) 1200px, 100vw\" class=\" skip-lazy\" \/><\/div><\/div><\/div><div class=\"swiper-button-prev swiper-arrow-button\" data-icon=\"4\"><\/div><div class=\"swiper-button-next swiper-arrow-button\" data-icon=\"5\"><\/div>\n\t\t\t\t<\/div>\n\t\t\t<\/div><\/p>\n","protected":false},"author":1,"featured_media":130,"parent":0,"menu_order":0,"comment_status":"closed","ping_status":"closed","template":"","meta":{"_et_pb_use_builder":"on","_et_pb_old_content":"","_et_gb_content_width":"","footnotes":""},"class_list":["post-45","page","type-page","status-publish","has-post-thumbnail","hentry"],"_links":{"self":[{"href":"https:\/\/www.clinicavivianereis.com.br\/index.php\/wp-json\/wp\/v2\/pages\/45","targetHints":{"allow":["GET"]}}],"collection":[{"href":"https:\/\/www.clinicavivianereis.com.br\/index.php\/wp-json\/wp\/v2\/pages"}],"about":[{"href":"https:\/\/www.clinicavivianereis.com.br\/index.php\/wp-json\/wp\/v2\/types\/page"}],"author":[{"embeddable":true,"href":"https:\/\/www.clinicavivianereis.com.br\/index.php\/wp-json\/wp\/v2\/users\/1"}],"replies":[{"embeddable":true,"href":"https:\/\/www.clinicavivianereis.com.br\/index.php\/wp-json\/wp\/v2\/comments?post=45"}],"version-history":[{"count":7,"href":"https:\/\/www.clinicavivianereis.com.br\/index.php\/wp-json\/wp\/v2\/pages\/45\/revisions"}],"predecessor-version":[{"id":179,"href":"https:\/\/www.clinicavivianereis.com.br\/index.php\/wp-json\/wp\/v2\/pages\/45\/revisions\/179"}],"wp:featuredmedia":[{"embeddable":true,"href":"https:\/\/www.clinicavivianereis.com.br\/index.php\/wp-json\/wp\/v2\/media\/130"}],"wp:attachment":[{"href":"https:\/\/www.clinicavivianereis.com.br\/index.php\/wp-json\/wp\/v2\/media?parent=45"}],"curies":[{"name":"wp","href":"https:\/\/api.w.org\/{rel}","templated":true}]}}